{"id":31,"date":"2019-09-15T16:26:19","date_gmt":"2019-09-15T14:26:19","guid":{"rendered":"http:\/\/www.hotelslavija.hr\/web\/?page_id=31"},"modified":"2022-05-30T15:11:23","modified_gmt":"2022-05-30T13:11:23","slug":"konferencijska-sala","status":"publish","type":"page","link":"https:\/\/www.hotelslavija.hr\/web\/konferencijska-sala\/","title":{"rendered":"Soba za sastanke"},"content":{"rendered":"<div class=\"book-now-btn\"><a class=\"btn\" href=\"\/posalji-upit\">PO\u0160ALJI UPIT<\/a><\/div>\n<div class=\"row offer-row\" style=\"margin-top: 50px;\">\n<div class=\"col-lg-6\">\n<div class=\"owl-carousel room-owl\">\n<div class=\"item active\"><img decoding=\"async\" class=\"img-responsive\" src=\"https:\/\/paradisoto.hr\/wp-content\/uploads\/2018\/03\/conference4.jpg\" alt=\"Conference room in hotel Slavija\"><\/div>\n<div class=\"item\"><img decoding=\"async\" class=\"img-responsive\" src=\"https:\/\/paradisoto.hr\/wp-content\/uploads\/2018\/03\/conference3.jpg\" alt=\"Conference room in hotel Slavija\"><\/div>\n<div class=\"item\"><img decoding=\"async\" class=\"img-responsive\" src=\"http:\/\/www.hotelslavija.hr\/web\/wp-content\/uploads\/2022\/05\/sastanak_1.jpg\" alt=\"Conference room in hotel Slavija\"><\/div>\n<\/div>\n<\/div>\n<div class=\"col-lg-6\">\n<div class=\"feature-box\" style=\"height: 100%;\">\n<ul>\n \t<li>pogodno za sastanke, predavanja i prezentacije<\/li>\n \t<li>LCD projektor i platno<\/li>\n \t<li>flipchart plo\u010da<\/li>\n \t<li>prijenosno ra\u010dunalo<\/li>\n \t<li>mogu\u0107e dopuniti toplim napitcima, pecivima i sendvi\u010dima<\/li>\n \t<li>standardni kapacitet do 25 osoba<\/li>\n \t<li>Mogu\u0107i razmje\u0161taj stolica i\/ili stolova konferencijske sale su u obliku tipi\u010dnom za u\u010dionicu, potom za teatar, te tzv.&nbsp; \u201cT\u201d i \u201cU\u201d oblik<\/li>\n \t<li>Razli\u010dite varijante rasporeda sjedenja i maksimalnih kapaciteta dostupne u<strong> <a href=\"http:\/\/www.hotelslavija.hr\/web\/wp-content\/uploads\/2020\/12\/Meeting-room-soba-za-sastanke-HR-i-EN.pdf\">ovom<\/a><\/strong> dokumentu.<\/li>\n<\/ul>\n<\/div>\n<!--\n<div>\n<h3>Soba za sastanke<\/h3>\nNedavno preure\u0111ena soba za sastanke na\u0161eg hotela idealno je mjesto za manja poslovna okupljanja ili seminare.<br class=\"\"><br class=\"\">\n\nOdabirom na\u0161e sobe za sastanke, u srcu Dioklecijanove pala\u010de, udahnite element tradicije u\nprezentaciju poslovnih strategija. O\u010darajte poslovne partnere i suradnike savr\u0161enim ambijentom koji \u0107e\nslu\u017eiti cilju poticanja kreativnosti i poslovnog uspjeha. Prisutnost elemenata antike koji poti\u010de osje\u0107aj\nmirne i doma\u0107e atmosfere ujedno i djeluje antistresno, doprinosi osje\u0107aju sigurnosti, a u kombinaciji sa\nminimalisti\u010dki opremljenim interijerom poti\u010de koncentraciju i maksimalno usmjerava pa\u017enju na predava\u010da\nili prezentera.<br class=\"\"><br class=\"\">\n\nSoba je primjerena za kori\u0161tenje kako poslovnim korisnicima, tako i udrugama, organizacijama i autorima\nza prire\u0111ivanje manjih skupova, teambildinga, domjenaka, te\u010dajeva, seminara, sastanaka i manjih\nprezentacija. Za ovakve prilike tako\u0111er je mogu\u0107e unajmiti i standardnu audio i video opremu \u2013\nprijenosno ra\u010dunalo, projektor, platno, prezentacijsku plo\u010du.<br class=\"\"><br class=\"\">\n\nMogu\u0107i razmje\u0161taj stolica i\/ili stolova konferencijske sale su u obliku tipi\u010dnom za u\u010dionicu, potom za teatar, te tzv.&nbsp; \u201cT\u201d i \u201cU\u201d oblik.<br class=\"\"><br class=\"\">\n\nU salu za sastanke se pristupa kroz atrij hotela, povr\u0161ine je 27 metara kvadratnih i unutra je na raspolaganju 25 sjede\u0107ih mjesta. Uslugu najma prostora sobe za sastanke mogu\u0107e je nadograditi dodavanjem ponude pi\u0107a i fingerfooda tijekom pauza ili na kraju samog doga\u0111aja.<br class=\"\"><br class=\"\">\n\nKontaktirajte nas za detalje oko dostupnosti, organizacije i ponudu odr\u017eavanja eventa.\n\nRazli\u010dite varijante rasporeda sjedenja i maksimalnih kapaciteta dostupne u <a href=\"http:\/\/www.hotelslavija.hr\/web\/wp-content\/uploads\/2020\/12\/Meeting-room-soba-za-sastanke-HR-i-EN.pdf\">ovom<\/a> dokumentu.<\/div>\n-->\n\n<\/div>\n<\/div>","protected":false},"excerpt":{"rendered":"PO\u0160ALJI UPIT pogodno za sastanke, predavanja i prezentacije LCD projektor i platno flipchart plo\u010da prijenosno ra\u010dunalo mogu\u0107e dopuniti toplim napitcima, pecivima i sendvi\u010dima standardni kapacitet do 25 osoba Mogu\u0107i razmje\u0161taj stolica i\/ili stolova konferencijske sale su u obliku tipi\u010dnom za u\u010dionicu, potom za teatar, te tzv.&nbsp; \u201cT\u201d i \u201cU\u201d oblik Razli\u010dite varijante rasporeda sjedenja i [&hellip;]","protected":false},"author":1,"featured_media":0,"parent":0,"menu_order":0,"comment_status":"closed","ping_status":"closed","template":"","meta":{"footnotes":""},"_links":{"self":[{"href":"https:\/\/www.hotelslavija.hr\/web\/wp-json\/wp\/v2\/pages\/31"}],"collection":[{"href":"https:\/\/www.hotelslavija.hr\/web\/wp-json\/wp\/v2\/pages"}],"about":[{"href":"https:\/\/www.hotelslavija.hr\/web\/wp-json\/wp\/v2\/types\/page"}],"author":[{"embeddable":true,"href":"https:\/\/www.hotelslavija.hr\/web\/wp-json\/wp\/v2\/users\/1"}],"replies":[{"embeddable":true,"href":"https:\/\/www.hotelslavija.hr\/web\/wp-json\/wp\/v2\/comments?post=31"}],"version-history":[{"count":13,"href":"https:\/\/www.hotelslavija.hr\/web\/wp-json\/wp\/v2\/pages\/31\/revisions"}],"predecessor-version":[{"id":738,"href":"https:\/\/www.hotelslavija.hr\/web\/wp-json\/wp\/v2\/pages\/31\/revisions\/738"}],"wp:attachment":[{"href":"https:\/\/www.hotelslavija.hr\/web\/wp-json\/wp\/v2\/media?parent=31"}],"curies":[{"name":"wp","href":"https:\/\/api.w.org\/{rel}","templated":true}]}}