{"id":27,"date":"2019-09-15T16:25:54","date_gmt":"2019-09-15T14:25:54","guid":{"rendered":"http:\/\/www.hotelslavija.hr\/web\/?page_id=27"},"modified":"2023-11-06T20:36:15","modified_gmt":"2023-11-06T19:36:15","slug":"sobe","status":"publish","type":"page","link":"https:\/\/www.hotelslavija.hr\/web\/sobe\/","title":{"rendered":"Sobe"},"content":{"rendered":"<div class=\"book-now-btn\"><a class=\"btn\" href=\"https:\/\/booking.hotelslavija.hr\/booking\/book-rooms-hotelslavija-hr-Croatian\" target=\"_blank\" rel=\"noopener noreferrer\">REZERVIRAJTE SOBU<\/a><\/div>\r\n<div class=\"rooms-slider\">\r\n<div class=\"button-container\">\r\n<ul class=\"nav nav-pills\">\r\n\t<li class=\"active\"><a href=\"#single-room\" data-toggle=\"pill\">Jednokrevetne <br class=\"\" \/>\r\nsobe<\/a><\/li>\r\n\t<li><a href=\"#double-standard\" data-toggle=\"pill\">Dvokrevetne <br class=\"\" \/>\r\nsobe<\/a><\/li>\r\n\t<li><a href=\"#double-superior\" data-toggle=\"pill\">Dvokrevetne sobe <br class=\"\" \/>\r\n<strong>s terasom<\/strong><\/a><\/li>\r\n\t<li><a href=\"#triple-standard\" data-toggle=\"pill\">Trokrevetne <br class=\"\" \/>\r\nsobe <\/a><\/li>\r\n\t<li><a href=\"#triple-superior\" data-toggle=\"pill\">Trokrevetne sobe <br class=\"\" \/>\r\ns <strong>terasom<\/strong><\/a><\/li>\r\n\t<li><a href=\"#family-room\" data-toggle=\"pill\">Obiteljska <br class=\"\" \/>\r\nsoba<\/a><\/li>\r\n<\/ul>\r\n<\/div>\r\n<div class=\"tab-content\">\r\n<div id=\"single-room\" class=\"room-info tab-pane fade in active\">\r\n<div class=\"row rooms-row\">\r\n<div class=\"col-md-6\">\r\n<div class=\"room-owl\">\r\n<div class=\"item\"><img decoding=\"async\" src=\"http:\/\/www.hotelslavija.hr\/web\/wp-content\/uploads\/2019\/09\/single-room-2.jpg\" \/>\r\n<p>&nbsp;<\/p>\r\n<\/div>\r\n<\/div>\r\n<\/div>\r\n<div class=\"col-md-6\">\r\n<div class=\"room-amenities\">\r\n<ul>\r\n\t<li>klima ure\u0111aj<\/li>\r\n\t<li>telefon<\/li>\r\n\t<li>kabelska TV<\/li>\r\n\t<li>privatna kupaonica s tu\u0161em<\/li>\r\n\t<li>su\u0161ilo za kosu<\/li>\r\n\t<li>besplatne toaletne potrep\u0161tine<\/li>\r\n<\/ul>\r\n<\/div>\r\n<\/div>\r\n<\/div>\r\n<\/div>\r\n<div id=\"double-standard\" class=\"room-info tab-pane fade\">\r\n<div class=\"row rooms-row\">\r\n<div class=\"col-md-6\">\r\n<div class=\"room-owl\">\r\n<p><img loading=\"lazy\" decoding=\"async\" class=\"alignnone  wp-image-785\" src=\"http:\/\/www.hotelslavija.hr\/web\/wp-content\/uploads\/2023\/11\/imgonline-com-ua-resize-xWedAPlI09ssYJEA-300x200.jpg\" alt=\"\" width=\"473\" height=\"315\" srcset=\"https:\/\/www.hotelslavija.hr\/web\/wp-content\/uploads\/2023\/11\/imgonline-com-ua-resize-xWedAPlI09ssYJEA-300x200.jpg 300w, https:\/\/www.hotelslavija.hr\/web\/wp-content\/uploads\/2023\/11\/imgonline-com-ua-resize-xWedAPlI09ssYJEA-1024x683.jpg 1024w, https:\/\/www.hotelslavija.hr\/web\/wp-content\/uploads\/2023\/11\/imgonline-com-ua-resize-xWedAPlI09ssYJEA-768x512.jpg 768w, https:\/\/www.hotelslavija.hr\/web\/wp-content\/uploads\/2023\/11\/imgonline-com-ua-resize-xWedAPlI09ssYJEA-1536x1025.jpg 1536w, https:\/\/www.hotelslavija.hr\/web\/wp-content\/uploads\/2023\/11\/imgonline-com-ua-resize-xWedAPlI09ssYJEA-2048x1366.jpg 2048w\" sizes=\"(max-width: 473px) 100vw, 473px\" \/><\/p>\r\n<p><!--\r\n\r\n\r\n\r\n\r\n\r\n\r\n\r\n\r\n\r\n\r\n\r\n\r\n\r\n<div class=\"item\"><img decoding=\"async\" src=\"http:\/\/www.hotelslavija.hr\/web\/wp-content\/uploads\/2019\/09\/double-standard-4.jpg\"><\/div>\r\n<div class=\"item\"><img decoding=\"async\" src=\"http:\/\/www.hotelslavija.hr\/web\/wp-content\/uploads\/2019\/09\/double-standard-5.jpg\"><\/div>\r\n<div class=\"item\"><img decoding=\"async\" src=\"http:\/\/www.hotelslavija.hr\/web\/wp-content\/uploads\/2019\/09\/double-standard.6.jpg\"><\/div>\r\n<div class=\"item\"><img decoding=\"async\" src=\"http:\/\/www.hotelslavija.hr\/web\/wp-content\/uploads\/2019\/09\/triple-superior-5.jpg\"><\/div>\r\n\r\n\r\n\r\n\r\n\r\n\r\n\r\n\r\n\r\n\r\n\r\n\r\n\r\n--><\/p>\r\n<\/div>\r\n<\/div>\r\n<div class=\"col-md-6\">\r\n<div class=\"room-amenities\">\r\n<ul>\r\n\t<li>klima ure\u0111aj<\/li>\r\n\t<li>telefon<\/li>\r\n\t<li>kabelska TV<\/li>\r\n\t<li>privatna kupaonica s tu\u0161em<\/li>\r\n\t<li>su\u0161ilo za kosu<\/li>\r\n\t<li>besplatne toaletne potrep\u0161tine<\/li>\r\n<\/ul>\r\n<\/div>\r\n<\/div>\r\n<\/div>\r\n<\/div>\r\n<div id=\"double-superior\" class=\"room-info tab-pane fade\">\r\n<div class=\"row rooms-row\">\r\n<div class=\"col-md-6\">\r\n<div class=\"room-owl\">\r\n<div><img loading=\"lazy\" decoding=\"async\" class=\"alignnone  wp-image-771\" src=\"http:\/\/www.hotelslavija.hr\/web\/wp-content\/uploads\/2023\/11\/imgonline-com-ua-resize-guoeEAeiU0kif-300x200.jpg\" alt=\"\" width=\"491\" height=\"327\" srcset=\"https:\/\/www.hotelslavija.hr\/web\/wp-content\/uploads\/2023\/11\/imgonline-com-ua-resize-guoeEAeiU0kif-300x200.jpg 300w, https:\/\/www.hotelslavija.hr\/web\/wp-content\/uploads\/2023\/11\/imgonline-com-ua-resize-guoeEAeiU0kif-1024x681.jpg 1024w, https:\/\/www.hotelslavija.hr\/web\/wp-content\/uploads\/2023\/11\/imgonline-com-ua-resize-guoeEAeiU0kif-768x511.jpg 768w, https:\/\/www.hotelslavija.hr\/web\/wp-content\/uploads\/2023\/11\/imgonline-com-ua-resize-guoeEAeiU0kif-1536x1022.jpg 1536w, https:\/\/www.hotelslavija.hr\/web\/wp-content\/uploads\/2023\/11\/imgonline-com-ua-resize-guoeEAeiU0kif-2048x1362.jpg 2048w\" sizes=\"(max-width: 491px) 100vw, 491px\" \/><\/div>\r\n<\/div>\r\n<\/div>\r\n<div class=\"col-md-6\">\r\n<div class=\"room-amenities\">\r\n<ul>\r\n\t<li>klima ure\u0111aj<\/li>\r\n\t<li>telefon<\/li>\r\n\t<li>kabelska TV<\/li>\r\n\t<li>privatna kupaonica s tu\u0161em<\/li>\r\n\t<li>su\u0161ilo za kosu<\/li>\r\n\t<li>besplatne toaletne potrep\u0161tine<\/li>\r\n<\/ul>\r\n<\/div>\r\n<\/div>\r\n<\/div>\r\n<\/div>\r\n<div id=\"triple-standard\" class=\"room-info tab-pane fade\">\r\n<div class=\"row rooms-row\">\r\n<div class=\"col-md-6\">\r\n<div class=\"room-owl\">\r\n<div><img loading=\"lazy\" decoding=\"async\" class=\"alignnone  wp-image-786\" src=\"http:\/\/www.hotelslavija.hr\/web\/wp-content\/uploads\/2023\/11\/imgonline-com-ua-resize-6jN2HVIwPZpEkiX-1-300x200.jpg\" alt=\"\" width=\"490\" height=\"326\" srcset=\"https:\/\/www.hotelslavija.hr\/web\/wp-content\/uploads\/2023\/11\/imgonline-com-ua-resize-6jN2HVIwPZpEkiX-1-300x200.jpg 300w, https:\/\/www.hotelslavija.hr\/web\/wp-content\/uploads\/2023\/11\/imgonline-com-ua-resize-6jN2HVIwPZpEkiX-1-1024x683.jpg 1024w, https:\/\/www.hotelslavija.hr\/web\/wp-content\/uploads\/2023\/11\/imgonline-com-ua-resize-6jN2HVIwPZpEkiX-1-768x512.jpg 768w, https:\/\/www.hotelslavija.hr\/web\/wp-content\/uploads\/2023\/11\/imgonline-com-ua-resize-6jN2HVIwPZpEkiX-1-1536x1025.jpg 1536w, https:\/\/www.hotelslavija.hr\/web\/wp-content\/uploads\/2023\/11\/imgonline-com-ua-resize-6jN2HVIwPZpEkiX-1-2048x1366.jpg 2048w\" sizes=\"(max-width: 490px) 100vw, 490px\" \/><\/div>\r\n<\/div>\r\n<\/div>\r\n<div class=\"col-md-6\">\r\n<div class=\"room-amenities\">\r\n<ul>\r\n\t<li>klima ure\u0111aj<\/li>\r\n\t<li>telefon<\/li>\r\n\t<li>kabelska TV<\/li>\r\n\t<li>privatna kupaonica s tu\u0161em<\/li>\r\n\t<li>su\u0161ilo za kosu<\/li>\r\n\t<li>besplatne toaletne potrep\u0161tine<\/li>\r\n<\/ul>\r\n<\/div>\r\n<\/div>\r\n<\/div>\r\n<\/div>\r\n<div id=\"triple-superior\" class=\"room-info tab-pane fade\">\r\n<div class=\"row rooms-row\">\r\n<div class=\"col-md-6\">\r\n<div class=\"room-owl\">\r\n<p><img loading=\"lazy\" decoding=\"async\" class=\"alignnone  wp-image-766\" src=\"http:\/\/www.hotelslavija.hr\/web\/wp-content\/uploads\/2023\/11\/imgonline-com-ua-resize-psOETkoC2abyvaX6-300x200.jpg\" alt=\"\" width=\"569\" height=\"380\" srcset=\"https:\/\/www.hotelslavija.hr\/web\/wp-content\/uploads\/2023\/11\/imgonline-com-ua-resize-psOETkoC2abyvaX6-300x200.jpg 300w, https:\/\/www.hotelslavija.hr\/web\/wp-content\/uploads\/2023\/11\/imgonline-com-ua-resize-psOETkoC2abyvaX6-1024x683.jpg 1024w, https:\/\/www.hotelslavija.hr\/web\/wp-content\/uploads\/2023\/11\/imgonline-com-ua-resize-psOETkoC2abyvaX6-768x512.jpg 768w, https:\/\/www.hotelslavija.hr\/web\/wp-content\/uploads\/2023\/11\/imgonline-com-ua-resize-psOETkoC2abyvaX6-1536x1025.jpg 1536w, https:\/\/www.hotelslavija.hr\/web\/wp-content\/uploads\/2023\/11\/imgonline-com-ua-resize-psOETkoC2abyvaX6-2048x1366.jpg 2048w\" sizes=\"(max-width: 569px) 100vw, 569px\" \/><\/p>\r\n<\/div>\r\n<\/div>\r\n<div class=\"col-md-6\">\r\n<div class=\"room-amenities\">\r\n<ul>\r\n\t<li>klima ure\u0111aj<\/li>\r\n\t<li>telefon<\/li>\r\n\t<li>kabelska TV<\/li>\r\n\t<li>privatna kupaonica s tu\u0161em<\/li>\r\n\t<li>su\u0161ilo za kosu<\/li>\r\n\t<li>besplatne toaletne potrep\u0161tine<\/li>\r\n<\/ul>\r\n<\/div>\r\n<\/div>\r\n<\/div>\r\n<\/div>\r\n<div id=\"family-room\" class=\"room-info tab-pane fade\">\r\n<div class=\"row rooms-row\">\r\n<div class=\"col-md-6\">\r\n<div class=\"room-owl\">\r\n<p><img loading=\"lazy\" decoding=\"async\" class=\"alignnone  wp-image-788\" src=\"http:\/\/www.hotelslavija.hr\/web\/wp-content\/uploads\/2023\/11\/imgonline-com-ua-resize-ZH1LHeWkw43cTU-1-300x200.jpg\" alt=\"\" width=\"509\" height=\"339\" srcset=\"https:\/\/www.hotelslavija.hr\/web\/wp-content\/uploads\/2023\/11\/imgonline-com-ua-resize-ZH1LHeWkw43cTU-1-300x200.jpg 300w, https:\/\/www.hotelslavija.hr\/web\/wp-content\/uploads\/2023\/11\/imgonline-com-ua-resize-ZH1LHeWkw43cTU-1-1024x683.jpg 1024w, https:\/\/www.hotelslavija.hr\/web\/wp-content\/uploads\/2023\/11\/imgonline-com-ua-resize-ZH1LHeWkw43cTU-1-768x512.jpg 768w, https:\/\/www.hotelslavija.hr\/web\/wp-content\/uploads\/2023\/11\/imgonline-com-ua-resize-ZH1LHeWkw43cTU-1-1536x1025.jpg 1536w, https:\/\/www.hotelslavija.hr\/web\/wp-content\/uploads\/2023\/11\/imgonline-com-ua-resize-ZH1LHeWkw43cTU-1-2048x1366.jpg 2048w\" sizes=\"(max-width: 509px) 100vw, 509px\" \/><\/p>\r\n<\/div>\r\n<\/div>\r\n<div class=\"col-md-6\">\r\n<div class=\"room-amenities\">\r\n<ul>\r\n\t<li>klima ure\u0111aj<\/li>\r\n\t<li>telefon<\/li>\r\n\t<li>kabelska TV<\/li>\r\n\t<li>privatna kupaonica s tu\u0161em<\/li>\r\n\t<li>su\u0161ilo za kosu<\/li>\r\n\t<li>besplatne toaletne potrep\u0161tine<\/li>\r\n<\/ul>\r\n<\/div>\r\n<\/div>\r\n<\/div>\r\n<\/div>\r\n<\/div>\r\n<\/div>\r\n<div class=\"intro-about\">\r\n<p>Sobe hotela raspore\u0111ene su na ukupno \u010detiri eta\u017ee zgrade hotela, koje su osim nedavno ugra\u0111enim, modernim liftom, povezane i centralno smje\u0161tenim stubi\u0161tem. Ono je djelomi\u010dno ornamentirano originalnim zidnim konstrukcijama zgrade koji dodatno nagla\u0161avaju ba\u0161tinski identitet hotela i njegovu posebnu povijesnu pri\u010du.<br class=\"\" \/>\r\n<br class=\"\" \/>\r\n<\/p>\r\n<p>Nedavno su preure\u0111ene sve sobe hotela i tom prilikom opremljene tepisima po cijeloj povr\u0161ini poda, \u0161to efektno potkrepljuje namjeru minimalisti\u010dkog dizajna da autenti\u010dni artefakti iz starina budu maksimalno nagla\u0161eni. Tako \u0107emo uz kombinaciju namje\u0161taja jasnih i \u010distih linija i stolica dizajna Starckovskog tipa nai\u0107i na detalje koji stilsku vagu savr\u0161eno balansiraju na vrlo ukusnu i neoptere\u0107uju\u0107u sredinu \u2013 ornamentalne amfore iz podruma zgrade kao <em>centerpiece<\/em> dekora pojedinih soba, ostatke nosivih greda i arkadno uobli\u010dene i od glinenih cigli slo\u017eene ni\u0161e. U svakoj sobi glavni ures je uzglavlje kreveta sa stiliziranim prikazom lokacije sobe u odnosu na tlocrt Dioklecijanovih termi, na prostoru kojih je podignuta zgrada hotela, \u010dime se svaka prostorija povezuje u cjelinu jedne povijesne pri\u010de.<br class=\"\" \/>\r\n<br class=\"\" \/>\r\n<\/p>\r\n<p>Sobe su opremljene klima ure\u0111ajem, telefonom, kabelskom TV, privatnom kupaonicom s tu\u0161em ili kadom i su\u0161ilom za kosu te besplatnim toaletnim potrep\u0161tinama. Od jednokrevetnih do obiteljskih \u010detverokrevetnih soba, rasporedom le\u017eaja u raznim kombinacijama (double, twin, all twin ili combo) Slavija je u mogu\u0107nosti udovoljiti svim specifi\u010dnim potrebama smje\u0161taja.<br class=\"\" \/>\r\n<br class=\"\" \/>\r\n<\/p>\r\n<p>Mogu\u0107nost usluge pranja rublja. Besplatno su dostupni i dje\u010dji kreveti\u0107i, no potrebno je provjeriti dostupnost. Tako\u0111er, hotel Vam nudi i besplatan pristup internetu (WiFi).<\/p>\r\n<\/div>","protected":false},"excerpt":{"rendered":"REZERVIRAJTE SOBU Jednokrevetne sobe Dvokrevetne sobe Dvokrevetne sobe s terasom Trokrevetne sobe Trokrevetne sobe s terasom Obiteljska soba &nbsp; klima ure\u0111aj telefon kabelska TV privatna kupaonica s tu\u0161em su\u0161ilo za kosu besplatne toaletne potrep\u0161tine klima ure\u0111aj telefon kabelska TV privatna kupaonica s tu\u0161em su\u0161ilo za kosu besplatne toaletne potrep\u0161tine klima ure\u0111aj telefon kabelska TV privatna [&hellip;]","protected":false},"author":1,"featured_media":0,"parent":0,"menu_order":0,"comment_status":"closed","ping_status":"closed","template":"","meta":{"footnotes":""},"_links":{"self":[{"href":"https:\/\/www.hotelslavija.hr\/web\/wp-json\/wp\/v2\/pages\/27"}],"collection":[{"href":"https:\/\/www.hotelslavija.hr\/web\/wp-json\/wp\/v2\/pages"}],"about":[{"href":"https:\/\/www.hotelslavija.hr\/web\/wp-json\/wp\/v2\/types\/page"}],"author":[{"embeddable":true,"href":"https:\/\/www.hotelslavija.hr\/web\/wp-json\/wp\/v2\/users\/1"}],"replies":[{"embeddable":true,"href":"https:\/\/www.hotelslavija.hr\/web\/wp-json\/wp\/v2\/comments?post=27"}],"version-history":[{"count":34,"href":"https:\/\/www.hotelslavija.hr\/web\/wp-json\/wp\/v2\/pages\/27\/revisions"}],"predecessor-version":[{"id":793,"href":"https:\/\/www.hotelslavija.hr\/web\/wp-json\/wp\/v2\/pages\/27\/revisions\/793"}],"wp:attachment":[{"href":"https:\/\/www.hotelslavija.hr\/web\/wp-json\/wp\/v2\/media?parent=27"}],"curies":[{"name":"wp","href":"https:\/\/api.w.org\/{rel}","templated":true}]}}